, 8*g - 14 = 5*g - 2*s. Suppose 1773 = g*p + 645. Does 33 divide p?
False
Suppose -4*g - 4 = -8*g. Let l be 8/(g*(-1)/(-12)). Let z = -31 + l. Is z a multiple of 13?
True
Suppose 0 = f - 2*f - 83. Suppose 17*g = 13*g - 4*o - 200, -3*g - 150 = 4*o. Let x = g - f. Is x a multiple of 11?
True
Let y = -35 + 112. Let n = y + -17. Is n a multiple of 12?
True
Suppose 0 = 4*h - 1151 + 235. Is h a multiple of 28?
False
Let h = 2014 + -1390. Is 48 a factor of h?
True
Suppose 5*l = 3*p - 10 - 39, -3*p = 4*l + 50. Let y = l - -13. Does 23 divide (-1)/(y*(-4)/368)?
True
Suppose 4*t - 378 = -5*w, t - 2*w - 456 = -4*t. Suppose o + k - t = -4, 353 = 4*o + 5*k. Does 28 divide o?
False
Suppose 0 = -3*x - 3*z - 144, -1 - 1 = -z. Let n = x - -65. Is n even?
False
Let h = 642 + -222. Is 21 a factor of h?
True
Let j be (-91)/(1 - 0/(-4)). Let z = -10 - j. Does 13 divide z?
False
Let j = -85 - -48. Let n = 43 - j. Is 40 a factor of n?
True
Suppose -88*p + 1320 = -86*p. Is p a multiple of 30?
True
Let v = -325 + 155. Let t = 334 + v. Is t a multiple of 28?
False
Is 31 a factor of 3/27 - (-17854)/18?
True
Suppose 7*o + 17556 = 26*o. Is o a multiple of 52?
False
Let q be 0 + (0 - 2) + 3. Is 17 a factor of -3*q - (-170 + 3 + -6)?
True
Suppose -4*g - 1071 - 2285 = -5*d, 5*d - 3364 = -4*g. Is 2 a factor of d?
True
Suppose -q - 4 + 6 = 0. Suppose 4*r - 3*d - 218 = 0, -5*r - d = q*d - 259. Is r a multiple of 13?
False
Let s = -228 - -60. Does 21 divide ((-1)/2)/(2/s)?
True
Let n = -116 + 116. Suppose -4*w = -n*w - 36. Is w a multiple of 9?
True
Let b = 348 - 161. Does 11 divide b?
True
Let c = 11 - 8. Suppose s + 6 = c*s. Suppose -t + 92 = s*t. Is 23 a factor of t?
True
Let w be (30/25)/(2/15). Let p be (2 - 21)/(1/(-5)). Is 16 a factor of 3/w - p/(-3)?
True
Let n = -308 - -478. Suppose 27*v = 22*v - n. Let k = v + 85. Is k a multiple of 17?
True
Let c = 26 - -44. Suppose -j = -3*j + c. Suppose -10*r + 15*r = j. Is 7 a factor of r?
True
Let j(i) = 32*i - 23. Let o be j(-15). Let x = 1147 + o. Is (x/8)/7*2 a multiple of 15?
False
Let p(l) = -l**3 + 21*l**2 - 22*l - 78. Is 76 a factor of p(13)?
True
Let t(q) be the second derivative of 0 - 51/20*q**5 - 1/12*q**4 - 1/2*q**2 + 4*q - 1/3*q**3. Does 17 divide t(-1)?
True
Suppose 3*r - 2*r - 3 = -j, 3*r - 7 = -2*j. Let a(v) = 61*v - 1. Let m be a(r). Is 6 a factor of (-35)/2*m/(-35)?
True
Suppose 0*s + 6*s - 24 = 0. Let v = 9 - s. Suppose -2*f + 14 = -2*j, 4*f - 9 = -v*j + 28. Is f a multiple of 8?
True
Suppose -5*f - n = -872 + 196, -410 = -3*f - 5*n. Let g = 20 + f. Let l = -77 + g. Is l a multiple of 26?
True
Does 9 divide -10 + (54880/(-7))/(-10)?
True
Let w(b) be the second derivative of -19*b**3/6 + 11*b**2/2 + 7*b. Let a(h) = -10*h + 6. Let z(r) = -11*a(r) + 6*w(r). Does 6 divide z(-3)?
True
Suppose -10860 = 502*c - 508*c. Is c a multiple of 10?
True
Let m(c) = 3*c + 15. Let x be m(-11). Let w = x + 41. Let f = w - -28. Is 10 a factor of f?
False
Let j = -229 - -604. Does 4 divide j?
False
Suppose 5*h = -3*v + 19, 4*h + 2*v - 10 = 2*h. Let d be ((-25)/(-2))/((-1)/(-2)). Suppose h*a - 121 + d = 3*w, 48 = a + 4*w. Is a a multiple of 20?
False
Suppose 4907 = 41*c - 22850. Is 6 a factor of c?
False
Let z(p) = 191*p - 4. Let q be z(-2). Is 1/(-4) + q/(-8) a multiple of 11?
False
Let i = 1798 + -1273. Let r = i + -263. Is r a multiple of 30?
False
Suppose 3*d = 19 + 92. Suppose -23 - d = -4*k. Does 2 divide k?
False
Suppose -v + 357 = 2*b + 52, 2 = -2*b. Suppose 0 = -2*t - 4*h + 98, -v = -5*t + 2*h - 14. Is t a multiple of 15?
False
Let j be 1 + (0/(-1) - -38). Suppose 5*w + 2*d = 275, 2*w - 3*d - 90 = 20. Suppose 2*t = j + w. Is t a multiple of 12?
False
Let p = 5 + -1. Suppose -p*u = -2*u - 8. Suppose 0*w - 36 = -u*w. Is 3 a factor of w?
True
Let i(a) = -33*a - 133. Does 3 divide i(-7)?
False
Let d be -1 + 2 - (-323 + -5). Let w = d - 77. Is w a multiple of 36?
True
Let r be 4257/24 - 12/32. Let w = -173 - -295. Let n = r - w. Is n a multiple of 19?
False
Let a(y) = -9*y**3 - 7*y**2 - 18*y - 36. Is a(-4) a multiple of 125?
True
Let f(t) = t + 1. Let j(y) = -13*y**3 + y**2 - 2*y - 4. Let u be j(-1). Is 13 a factor of f(u)?
True
Let v = 1728 - 964. Is v a multiple of 33?
False
Suppose -2*p = -4*z - 1476, -3*z - 1267 - 209 = -2*p. Does 82 divide p?
True
Let y = 1770 + -1030. Is y a multiple of 74?
True
Let l = -2 - -4. Suppose 0 = -5*s - 3*q - l*q - 10, 29 = 3*s - 4*q. Does 8 divide s + -3 - 64/(-2)?
True
Let y(b) = -b**2 + 7*b - 2. Let i be y(5). Suppose i*o + 34 = 10*o. Let h = o - 7. Is 7 a factor of h?
False
Suppose 20 = -l + 2*k + 83, 2*k + 136 = 2*l. Let o = l + -40. Is 11 a factor of o?
True
Suppose 5*i + 2*i - 3976 = 0. Suppose y - 5*w = 171, 6*y = 3*y + 4*w + i. Does 28 divide y?
True
Let w(k) = k**3 - 14*k**2 + 14*k - 8. Let a(c) be the third derivative of -c**5/60 + 2*c**2. Let m(i) = -4*a(i) + w(i). Is m(9) a multiple of 9?
False
Let f(y) = -8*y - 9. Let b(h) = -h**2 + 10*h. Let j be b(9). Let i = j + -16. Is f(i) a multiple of 12?
False
Let g(o) = 144*o**2 - 2*o + 1. Let f(n) = -n - 13. Let h be f(-14). Let c be g(h). Let z = c + -32. Does 18 divide z?
False
Suppose -2*o + 437 = -253. Does 15 divide o?
True
Suppose 2*m - 5*b + 6 = 0, 23 = 4*m + 3*b - 17. Suppose 6*n - m*n + 124 = 0. Is n a multiple of 21?
False
Let t(m) = -m**3 + 4*m**2 - 2*m - 1. Let b be t(3). Suppose 5*h - b*h = 111. Does 37 divide h?
True
Let u be ((-26)/6)/((-8)/24). Let q = 29 - u. Is 4 a factor of q?
True
Is 4/(-30) - 11/((-2310)/29638) a multiple of 47?
True
Let r(n) = -5*n**3 + 4*n**2 + 7*n + 6. Let p(d) = 4*d**3 - 3*d**2 - 6*d - 5. Let o(f) = 3*p(f) + 2*r(f). Let c be o(-2). Let q = 19 + c. Is q a multiple of 2?
True
Suppose -6*x = -10*x + 440. Does 22 divide x?
True
Suppose -10*c = 6*c - 2928. Is c a multiple of 18?
False
Let b = 10 - 0. Let i be 5/(-25) - 1958/b. Is i/(-16) - 6/(-8) a multiple of 13?
True
Let x = 36 - -12. Is 2456/x - (-1)/(-6) a multiple of 8?
False
Let g(n) = -n**2 - 8*n + 8. Let w be g(-9). Let d(j) = -j**2 + j + 1. Let c(y) = -115*y**2 + 6*y + 5. Let m(r) = w*c(r) + 6*d(r). Does 33 divide m(-1)?
False
Let u be ((-2)/(-5))/(5/(-75)). Does 13 divide 7*((-15)/20)/(u/16)?
False
Suppose -9*k - 46 = -7*k. Let s be k/2 + 6/4. Is (24/s)/(3/(-50)) a multiple of 8?
True
Is -9 - (-883 + 5) - 9 a multiple of 10?
True
Let y be 5/3 - (-10)/30. Let q(g) = 60 + 3*g**2 - 6*g - 53 - 4*g**y. Is q(-5) a multiple of 10?
False
Let i = 140 - 95. Is i a multiple of 9?
True
Let q be (-3)/2*10/(-3). Suppose 0*f = -q*f + 130. Is f a multiple of 8?
False
Let h be (-2)/(4/52*2). Does 6 divide (17 - h) + (-2)/(-2)?
False
Let y(j) = j**3 - 17*j**2 + 6*j - 6. Let h be y(17). Suppose 0 = l - 3*n - h, 2*n - 8 = -2*n. Does 17 divide l?
True
Let t(d) = d**3 - 5*d**2 - 5*d - 4. Let h be t(6). Suppose 0 = h*z, 0 = -2*q - z - z + 6. Does 10 divide q/(-12) + (-121)/(-4)?
True
Let y(u) = u**3 - 12*u**2 + 9*u + 60. Is 60 a factor of y(16)?
False
Let q(s) = 23*s**2 + s + 8. Let n be q(9). Suppose -5*h - n = -15*h. Does 47 divide h?
True
Let i be 4/18 + 474/54. Is 0/(-2) + (i - -1) a multiple of 2?
True
Let w(u) = -11*u - 58. Does 13 divide w(-10)?
True
Suppose 0 = 4*j, 3*n = j - 140 + 2444. Is 8 a factor of n?
True
Let c(q) = 333*q**2 + 9*q - 18. Does 74 divide c(2)?
True
Let f be 1596/(-12) - (-1 + 0). Let v = f + 191. Let i = 116 - v. Is i a multiple of 19?
True
Suppose 5*l + 806 = 2*p, l + 141 + 259 = p. Does 10 divide p?
False
Let x = 91 + -56. Suppose -z = -x - 15. Is 25 a factor of z?
True
Suppose 0 = 4*z - 58 - 38. Let y = z + 145. Is 13 a factor of y?
True
Is 21 a factor of ((-2)/(-3))/((-18)/(-84915))?
False
Let o = 137 + 6. Let r = 0 + o. Is 18 a factor of r?
False
Let s(f) = 101*f - 294. Let d be s(3). Let c = 7 - -56. Let b = c - d. Does 18 divide b?
True
Let t = -466 + 1686. Is t a multiple of 52?
False
Suppose 6 = -4*a + 34. Let f(j) = j**3 - 3*j**2 - 11*j + 4. Is f(a) a multiple of 38?
False
Suppose x - 56 = 11*b - 13*b, x + b - 60 = 0. Is 8 a factor of x?
True
Is 5160/14 - (-304)/(-532) a multiple of 16?
True
Let f be 0*2*(-1)/10. Let v = -2 + 4. Suppose f = -k - v*k + 177. Is 10 a factor of k?
False
Let k(b) = b**2 + 12*b + 10. Let y be k(-11). Let f be 45 - (y - (-6 - -2)). Let r = 48 + f. Is r a multiple of 19?
False
Let q be (-9 + -1)*4